{"id":3988,"date":"2024-01-19T10:10:53","date_gmt":"2024-01-19T09:10:53","guid":{"rendered":"https:\/\/carlodeagnoi.com\/?page_id=3988"},"modified":"2024-02-06T18:19:55","modified_gmt":"2024-02-06T17:19:55","slug":"seminario-pratico-sulla-multivisione-inquadra","status":"publish","type":"page","link":"https:\/\/carlodeagnoi.com\/index.php\/seminario-pratico-sulla-multivisione-inquadra\/","title":{"rendered":"Seminario pratico sulla multivisione Inquadra"},"content":{"rendered":"<div class=\"wpb-content-wrapper\"><p>[vc_row css=&#8221;.vc_custom_1597909034249{margin-top: 20px !important;padding-top: 10px !important;}&#8221;][vc_column width=&#8221;1\/6&#8243;][\/vc_column][vc_column width=&#8221;2\/3&#8243;][vc_column_text]<\/p>\n<h2 style=\"text-align: center;\">Corso sulla multivisione<\/h2>\n<p>[\/vc_column_text][vc_column_text]<\/p>\n<p style=\"text-align: center;\"><strong>IL MONTAGGIO MULTIVISIVO &#8211; Parte pratica<\/strong><\/p>\n<p>[\/vc_column_text][vc_column_text]<\/p>\n<p class=\"p1\"><span class=\"s1\">In questo modulo verr\u00e0 affrontata la parte pratica di un montaggio multivisivo.<\/span><\/p>\n<p class=\"p1\"><span class=\"s1\">Ogni partecipante imparer\u00e0 sul proprio pc personale a sviluppare un breve lavoro in cui saranno presenti fotografie, video, musica e testi attraverso l&#8217;uso del software Blackmagic Design DaVinci Risolve nella versione gratuita.<\/span><\/p>\n<p class=\"p1\"><span class=\"s1\">L&#8217;obiettivo principale \u00e8 quello di portare i corsisti a padroneggiare, seppur in modo essenziale, uno strumento che consenta loro di realizzare i propri montaggi multivisivi.<\/span><\/p>\n<p class=\"p1\"><span class=\"s1\">Oltre alla parte puramente pratica verr\u00e0 dedicato del tempo anche allo sviluppo creativo delle idee con la partecipazione attiva degli allievi.<\/span><\/p>\n<p>[\/vc_column_text][\/vc_column][vc_column width=&#8221;1\/6&#8243;][\/vc_column][\/vc_row][vc_row full_width=&#8221;stretch_row&#8221; css=&#8221;.vc_custom_1597909109467{margin-top: 20px !important;margin-bottom: 20px !important;padding-top: 5px !important;padding-bottom: 5px !important;background-color: #ededed !important;}&#8221;][vc_column width=&#8221;1\/2&#8243;][vc_column_text]<\/p>\n<h5><strong>Temi affrontati<\/strong><\/h5>\n<p class=\"p1\"><span class=\"s1\">&#8211; Studio dell\u2019interfaccia del software di montaggio preventivamente installato<br \/>\n&#8211; Analisi delle varie aree che verranno utilizzate<br \/>\n&#8211; Preparazione del materiale multimediale da importare nel programma<br \/>\n&#8211; Analisi dei formati richiesti per le immagini, l&#8217;audio, il video<br \/>\n&#8211; Importazione e suddivisione del materiale audiovisivo<br \/>\n&#8211; Analisi e studio dei singoli brani audio<br \/>\n&#8211; Inserimento delle immagini e dei video<br \/>\n&#8211; Uso creativo delle dissolvenze<br \/>\n&#8211; Utilizzo della terza immagine<br \/>\n&#8211; Accorciare o allungare un brano musicale<br \/>\n&#8211; Miglioramenti estetici<\/span><\/p>\n<p>[\/vc_column_text][\/vc_column][vc_column width=&#8221;1\/2&#8243;][vc_single_image image=&#8221;2728&#8243; img_size=&#8221;600&#215;400&#8243;][\/vc_column][\/vc_row][vc_row css=&#8221;.vc_custom_1597909557956{margin-top: 20px !important;margin-bottom: 20px !important;padding-top: 5px !important;padding-bottom: 5px !important;}&#8221;][vc_column width=&#8221;1\/2&#8243;][vc_single_image image=&#8221;2721&#8243; img_size=&#8221;600&#215;350&#8243;][\/vc_column][vc_column width=&#8221;1\/2&#8243;][vc_column_text]<\/p>\n<h5><strong>Orario<\/strong><\/h5>\n<p>Il seminario \u00e8 organizzato dal Circolo fotografico Inquadra di Conegliano (TV) e si terr\u00e0 nella sede del circolo.<br \/>\nSar\u00e0 illustrato sul grande schermo dal relatore, e si svilupper\u00e0 nell&#8217;arco di due giornate.<\/p>\n<p>Sabato 6 aprile: dalle 9:00 alle 12:30, e dalle 14:00 alle 17:30<br \/>\nDomenica 7 aprile: dalle 9:00 alle 12:30, e dalle 14:00 alle 17:30<\/p>\n<p>Per l&#8217;iscrizione seguire questo link:\u00a0 <a href=\"https:\/\/www.inquadra.info\/appuntamenti-inquadra\/seminario-di-multivisione-parte-seconda\/\" target=\"_blank\" rel=\"noopener\">Iscrizione al corso<\/a><\/p>\n<p>Per ulteriori informazioni riguardo ci\u00f2 che verr\u00e0 insegnato \u00e8 possibile inviare una mail a: <strong>info@carlodeagnoi.com<\/strong>[\/vc_column_text][\/vc_column][\/vc_row][vc_row full_width=&#8221;stretch_row&#8221; css=&#8221;.vc_custom_1650626221193{margin-top: 20px !important;margin-bottom: 0px !important;padding-top: 5px !important;padding-bottom: 0px !important;background-color: #ededed !important;}&#8221;][vc_column width=&#8221;1\/2&#8243;][vc_column_text]<\/p>\n<h5><strong>Il relatore<\/strong><\/h5>\n<p>Carlo De Agnoi inizia a fotografare nel 1970.<br \/>\nScopre la multivisione agli inizi degli anni \u201990.<br \/>\nNel 1997 effettua un percorso di perfezionamento presso la First Image &amp; Snappers di Londra, una delle pi\u00f9 importanti ditte produttrici di multivisioni al mondo.<br \/>\nNel 1998 frequenta il master Dataton in Svezia, ottenendo il diploma di &#8220;Wizard&#8221; e diventando cos\u00ec uno dei tecnici pi\u00f9 esperti di apparecchiature multivisive.<br \/>\nTiene diversi seminari sulla tecnica e creativit\u00e0 multivisiva in varie citt\u00e0 d&#8217;Italia e nel 1999 \u00e8 co-organizzatore e docente in un corso, patrocinato dal Fondo Sociale Europeo, per la creazione di una nuova figura professionale: quella di Tecnico per la Multivisione. Il corso \u00e8 il primo del suo genere in Europa.<br \/>\nInsegna la fotografia documentaristica e naturalistica in workshops dedicati.[\/vc_column_text][\/vc_column][vc_column width=&#8221;1\/2&#8243;][vc_single_image image=&#8221;2714&#8243; img_size=&#8221;600&#215;400&#8243;][\/vc_column][\/vc_row][vc_row css=&#8221;.vc_custom_1650626208042{margin-top: 20px !important;margin-bottom: 20px !important;padding-top: 20px !important;padding-bottom: 5px !important;}&#8221;][vc_column width=&#8221;1\/2&#8243;][vc_single_image image=&#8221;3995&#8243; img_size=&#8221;600&#215;400&#8243;][\/vc_column][vc_column width=&#8221;1\/2&#8243;][vc_column_text]Ha creato installazioni fisse con oltre 24 proiettori nonch\u00e9 lavori di tipo museale.<br \/>\nFino al 2001 \u00e8 stato co-fondatore e co-organizzatore di Fantadia, Festival Internazionale di Multivisione con sede ad Asolo.<br \/>\nPer oltre un decennio dalla fondazione ha collaborato attivamente con A.I.D.A.M.A. l&#8217;Associazione Italiana Autori di Multivisione Artistica.<br \/>\nMolte le collaborazioni con altri autori, fotografi e artisti di musica e teatro.<br \/>\nHa creato scenografie multivisive e le ha proiettate in oltre 100 concerti di musica etnica e new-age.<br \/>\nPi\u00f9 di 700 gli spettacoli personali e le partecipazioni a eventi multivisivi nazionali e internazionali.<br \/>\nOltre 3000 i lavori proiettati.<br \/>\nHa vinto numerosi concorsi nazionali e internazionali e ricevuto diversi riconoscimenti.[\/vc_column_text][\/vc_column][\/vc_row]<\/p>\n<\/div>","protected":false},"excerpt":{"rendered":"<p>[vc_row css=&#8221;.vc_custom_1597909034249{margin-top: 20px !important;padding-top: 10px !important;}&#8221;][vc_column width=&#8221;1\/6&#8243;][\/vc_column][vc_column width=&#8221;2\/3&#8243;][vc_column_text] Corso sulla multivisione [\/vc_column_text][vc_column_text] IL MONTAGGIO MULTIVISIVO &#8211; Parte pratica [\/vc_column_text][vc_column_text] In questo modulo verr\u00e0 affrontata la parte pratica di un montaggio multivisivo. Ogni partecipante imparer\u00e0 sul proprio pc personale a sviluppare un breve lavoro in cui saranno presenti fotografie, video, musica e testi attraverso l&#8217;uso del&hellip;<\/p>\n","protected":false},"author":1,"featured_media":0,"parent":0,"menu_order":0,"comment_status":"closed","ping_status":"closed","template":"","meta":{"_acf_changed":false,"inline_featured_image":false,"footnotes":""},"class_list":["post-3988","page","type-page","status-publish","hentry"],"acf":[],"_links":{"self":[{"href":"https:\/\/carlodeagnoi.com\/index.php\/wp-json\/wp\/v2\/pages\/3988","targetHints":{"allow":["GET"]}}],"collection":[{"href":"https:\/\/carlodeagnoi.com\/index.php\/wp-json\/wp\/v2\/pages"}],"about":[{"href":"https:\/\/carlodeagnoi.com\/index.php\/wp-json\/wp\/v2\/types\/page"}],"author":[{"embeddable":true,"href":"https:\/\/carlodeagnoi.com\/index.php\/wp-json\/wp\/v2\/users\/1"}],"replies":[{"embeddable":true,"href":"https:\/\/carlodeagnoi.com\/index.php\/wp-json\/wp\/v2\/comments?post=3988"}],"version-history":[{"count":10,"href":"https:\/\/carlodeagnoi.com\/index.php\/wp-json\/wp\/v2\/pages\/3988\/revisions"}],"predecessor-version":[{"id":4007,"href":"https:\/\/carlodeagnoi.com\/index.php\/wp-json\/wp\/v2\/pages\/3988\/revisions\/4007"}],"wp:attachment":[{"href":"https:\/\/carlodeagnoi.com\/index.php\/wp-json\/wp\/v2\/media?parent=3988"}],"curies":[{"name":"wp","href":"https:\/\/api.w.org\/{rel}","templated":true}]}}

<div class="wpb-content-wrapper"><p>[vc_row css=&#8221;.vc_custom_1597909034249{margin-top: 20px !important;padding-top: 10px !important;}&#8221;][vc_column width=&#8221;1/6&#8243;][/vc_column][vc_column width=&#8221;2/3&#8243;][vc_column_text]</p>
<h2 style="text-align: center;">Corso sulla multivisione</h2>
<p>[/vc_column_text][vc_column_text]</p>
<p style="text-align: center;"><strong>IL MONTAGGIO MULTIVISIVO &#8211; Parte pratica</strong></p>
<p>[/vc_column_text][vc_column_text]</p>
<p class="p1"><span class="s1">In questo modulo verrà affrontata la parte pratica di un montaggio multivisivo.</span></p>
<p class="p1"><span class="s1">Ogni partecipante imparerà sul proprio pc personale a sviluppare un breve lavoro in cui saranno presenti fotografie, video, musica e testi attraverso l&#8217;uso del software Blackmagic Design DaVinci Risolve nella versione gratuita.</span></p>
<p class="p1"><span class="s1">L&#8217;obiettivo principale è quello di portare i corsisti a padroneggiare, seppur in modo essenziale, uno strumento che consenta loro di realizzare i propri montaggi multivisivi.</span></p>
<p class="p1"><span class="s1">Oltre alla parte puramente pratica verrà dedicato del tempo anche allo sviluppo creativo delle idee con la partecipazione attiva degli allievi.</span></p>
<p>[/vc_column_text][/vc_column][vc_column width=&#8221;1/6&#8243;][/vc_column][/vc_row][vc_row full_width=&#8221;stretch_row&#8221; css=&#8221;.vc_custom_1597909109467{margin-top: 20px !important;margin-bottom: 20px !important;padding-top: 5px !important;padding-bottom: 5px !important;background-color: #ededed !important;}&#8221;][vc_column width=&#8221;1/2&#8243;][vc_column_text]</p>
<h5><strong>Temi affrontati</strong></h5>
<p class="p1"><span class="s1">&#8211; Studio dell’interfaccia del software di montaggio preventivamente installato<br />
&#8211; Analisi delle varie aree che verranno utilizzate<br />
&#8211; Preparazione del materiale multimediale da importare nel programma<br />
&#8211; Analisi dei formati richiesti per le immagini, l&#8217;audio, il video<br />
&#8211; Importazione e suddivisione del materiale audiovisivo<br />
&#8211; Analisi e studio dei singoli brani audio<br />
&#8211; Inserimento delle immagini e dei video<br />
&#8211; Uso creativo delle dissolvenze<br />
&#8211; Utilizzo della terza immagine<br />
&#8211; Accorciare o allungare un brano musicale<br />
&#8211; Miglioramenti estetici</span></p>
<p>[/vc_column_text][/vc_column][vc_column width=&#8221;1/2&#8243;][vc_single_image image=&#8221;2728&#8243; img_size=&#8221;600&#215;400&#8243;][/vc_column][/vc_row][vc_row css=&#8221;.vc_custom_1597909557956{margin-top: 20px !important;margin-bottom: 20px !important;padding-top: 5px !important;padding-bottom: 5px !important;}&#8221;][vc_column width=&#8221;1/2&#8243;][vc_single_image image=&#8221;2721&#8243; img_size=&#8221;600&#215;350&#8243;][/vc_column][vc_column width=&#8221;1/2&#8243;][vc_column_text]</p>
<h5><strong>Orario</strong></h5>
<p>Il seminario è organizzato dal Circolo fotografico Inquadra di Conegliano (TV) e si terrà nella sede del circolo.<br />
Sarà illustrato sul grande schermo dal relatore, e si svilupperà nell&#8217;arco di due giornate.</p>
<p>Sabato 6 aprile: dalle 9:00 alle 12:30, e dalle 14:00 alle 17:30<br />
Domenica 7 aprile: dalle 9:00 alle 12:30, e dalle 14:00 alle 17:30</p>
<p>Per l&#8217;iscrizione seguire questo link:  <a href="https://www.inquadra.info/appuntamenti-inquadra/seminario-di-multivisione-parte-seconda/" target="_blank" rel="noopener">Iscrizione al corso</a></p>
<p>Per ulteriori informazioni riguardo ciò che verrà insegnato è possibile inviare una mail a: <strong>info@carlodeagnoi.com</strong>[/vc_column_text][/vc_column][/vc_row][vc_row full_width=&#8221;stretch_row&#8221; css=&#8221;.vc_custom_1650626221193{margin-top: 20px !important;margin-bottom: 0px !important;padding-top: 5px !important;padding-bottom: 0px !important;background-color: #ededed !important;}&#8221;][vc_column width=&#8221;1/2&#8243;][vc_column_text]</p>
<h5><strong>Il relatore</strong></h5>
<p>Carlo De Agnoi inizia a fotografare nel 1970.<br />
Scopre la multivisione agli inizi degli anni ’90.<br />
Nel 1997 effettua un percorso di perfezionamento presso la First Image &amp; Snappers di Londra, una delle più importanti ditte produttrici di multivisioni al mondo.<br />
Nel 1998 frequenta il master Dataton in Svezia, ottenendo il diploma di &#8220;Wizard&#8221; e diventando così uno dei tecnici più esperti di apparecchiature multivisive.<br />
Tiene diversi seminari sulla tecnica e creatività multivisiva in varie città d&#8217;Italia e nel 1999 è co-organizzatore e docente in un corso, patrocinato dal Fondo Sociale Europeo, per la creazione di una nuova figura professionale: quella di Tecnico per la Multivisione. Il corso è il primo del suo genere in Europa.<br />
Insegna la fotografia documentaristica e naturalistica in workshops dedicati.[/vc_column_text][/vc_column][vc_column width=&#8221;1/2&#8243;][vc_single_image image=&#8221;2714&#8243; img_size=&#8221;600&#215;400&#8243;][/vc_column][/vc_row][vc_row css=&#8221;.vc_custom_1650626208042{margin-top: 20px !important;margin-bottom: 20px !important;padding-top: 20px !important;padding-bottom: 5px !important;}&#8221;][vc_column width=&#8221;1/2&#8243;][vc_single_image image=&#8221;3995&#8243; img_size=&#8221;600&#215;400&#8243;][/vc_column][vc_column width=&#8221;1/2&#8243;][vc_column_text]Ha creato installazioni fisse con oltre 24 proiettori nonché lavori di tipo museale.<br />
Fino al 2001 è stato co-fondatore e co-organizzatore di Fantadia, Festival Internazionale di Multivisione con sede ad Asolo.<br />
Per oltre un decennio dalla fondazione ha collaborato attivamente con A.I.D.A.M.A. l&#8217;Associazione Italiana Autori di Multivisione Artistica.<br />
Molte le collaborazioni con altri autori, fotografi e artisti di musica e teatro.<br />
Ha creato scenografie multivisive e le ha proiettate in oltre 100 concerti di musica etnica e new-age.<br />
Più di 700 gli spettacoli personali e le partecipazioni a eventi multivisivi nazionali e internazionali.<br />
Oltre 3000 i lavori proiettati.<br />
Ha vinto numerosi concorsi nazionali e internazionali e ricevuto diversi riconoscimenti.[/vc_column_text][/vc_column][/vc_row]</p>
</div>

<p>[vc_row css=&#8221;.vc_custom_1597909034249{margin-top: 20px !important;padding-top: 10px !important;}&#8221;][vc_column width=&#8221;1/6&#8243;][/vc_column][vc_column width=&#8221;2/3&#8243;][vc_column_text] Corso sulla multivisione [/vc_column_text][vc_column_text] IL MONTAGGIO MULTIVISIVO &#8211; Parte pratica [/vc_column_text][vc_column_text] In questo modulo verrà affrontata la parte pratica di un montaggio multivisivo. Ogni partecipante imparerà sul proprio pc personale a sviluppare un breve lavoro in cui saranno presenti fotografie, video, musica e testi attraverso l&#8217;uso del&hellip;</p>
