{"id":2773,"date":"2020-08-22T11:23:10","date_gmt":"2020-08-22T09:23:10","guid":{"rendered":"http:\/\/carlodeagnoi.com\/?page_id=2773"},"modified":"2022-02-25T08:51:05","modified_gmt":"2022-02-25T07:51:05","slug":"fotoritocco","status":"publish","type":"page","link":"https:\/\/carlodeagnoi.com\/index.php\/fotoritocco\/","title":{"rendered":"Fotoritocco"},"content":{"rendered":"<div class=\"wpb-content-wrapper\"><p>[vc_row css=&#8221;.vc_custom_1597909034249{margin-top: 20px !important;padding-top: 10px !important;}&#8221;][vc_column width=&#8221;1\/6&#8243;][\/vc_column][vc_column width=&#8221;2\/3&#8243;][vc_column_text]<\/p>\n<h2 style=\"text-align: center;\">Workshop sul ritocco fotografico e l&#8217;archiviazione<\/h2>\n<p>[\/vc_column_text][vc_column_text]<\/p>\n<h6><strong>La scelta dello strumento giusto<\/strong><\/h6>\n<p>L&#8217;avvento della fotografia digitale ha portato un grande cambiamento nel modo di riprendere le immagini ma anche e soprattutto ha introdotto la possibilit\u00e0 di modificare le nostre riprese.<br \/>\nNella fase successiva allo scatto \u00e8 infatti possibile non solo migliorare la qualit\u00e0 cromatica e compositiva di una fotografia ma anche recuperarne i pi\u00f9 minuti dettagli.<br \/>\nL&#8217;estrema facilit\u00e0 nella ripresa e il basso costo porta normalmente a realizzare una grande quantit\u00e0 di immagini. Ecco quindi la necessit\u00e0 di utilizzare uno strumento efficace che consenta una rapida archiviazione ma al tempo stesso la pratica e veloce possibilit\u00e0 di ricercare, modificare e preparare le nostre immagini per l&#8217;utilizzo finale, sia esso stampa o presentazione.[\/vc_column_text][\/vc_column][vc_column width=&#8221;1\/6&#8243;][\/vc_column][\/vc_row][vc_row css=&#8221;.vc_custom_1598441427371{margin-top: px !important;padding-top: px !important;}&#8221;][vc_column width=&#8221;1\/6&#8243;][\/vc_column][vc_column width=&#8221;2\/3&#8243;][vc_column_text]<\/p>\n<h6><strong>Archiviazione delle immagini<\/strong><\/h6>\n<p>Verranno analizzati i metodi per scaricare la macchina fotografica in modo veloce e ordinato.<br \/>\nGestire le immagini facendo una giusta suddivisione e mettendole nel giusto ordine.<br \/>\nApprendere la maniera pi\u00f9 veloce per ricercare una o pi\u00f9 immagini.<br \/>\nGestire in modo appropriato e sicuro i backup delle nostre immagini al fine di evitarne la perdita accidentale.[\/vc_column_text][\/vc_column][vc_column width=&#8221;1\/6&#8243;][\/vc_column][\/vc_row][vc_row css=&#8221;.vc_custom_1598441439001{padding-top: px !important;}&#8221;][vc_column width=&#8221;1\/6&#8243;][\/vc_column][vc_column width=&#8221;2\/3&#8243;][vc_column_text]<\/p>\n<h6><strong>Analisi dell&#8217;immagine<\/strong><\/h6>\n<p>Attraverso l&#8217;osservazione delle fotografie selezionate evidenzieremo le modifiche necessarie al loro miglioramento.<br \/>\nIl programma usato per gestire la catalogazione e il flusso fotografico sar\u00e0 CAPTURE ONE di PHASEONE, il software che a detta di tutti i professionisti del settore ha il miglior convertitore Raw del mercato.<br \/>\nQuesto programma pu\u00f2 essere installato sia su Mac che su Windows e gestisce le pi\u00f9 diffuse fotocamere digitali (Canon, Nikon, Sony, etc.).<br \/>\n\u00c8 possibile scaricare gratuitamente la versione completa per un periodo 30 giorni.<br \/>\nCon questo strumento realizzeremo la maggior parte dei ritocchi indispensabili a rendere corrette ed efficaci le nostre immagini, ma al di l\u00e0 dell&#8217;uso del software sar\u00e0 data particolare enfasi alla filosofia operativa.<br \/>\nLa mia lunga esperienza vi consentir\u00e0 di ottimizzare al massimo il flusso evitando operazioni inutili e risparmiando tempo prezioso.[\/vc_column_text][\/vc_column][vc_column width=&#8221;1\/6&#8243;][\/vc_column][\/vc_row][vc_row full_width=&#8221;stretch_row&#8221; css=&#8221;.vc_custom_1597909109467{margin-top: 20px !important;margin-bottom: 20px !important;padding-top: 5px !important;padding-bottom: 5px !important;background-color: #ededed !important;}&#8221;][vc_column width=&#8221;1\/2&#8243;][vc_column_text]<\/p>\n<h6><strong>Gli interventi analizzati coinvolgeranno i seguenti strumenti:<\/strong><\/h6>\n<p>&#8211; Comparazione e selezione<br \/>\n&#8211; Analisi delle immagini a disposizione<br \/>\n&#8211; Analisi e modifica dei livelli tonali<br \/>\n&#8211; Aumento del contrasto senza perdita di dati<br \/>\n&#8211; Recupero delle ombre e delle alte luci<br \/>\n&#8211; Correzione dei colori<br \/>\n&#8211; Aumento della definizione<br \/>\n&#8211; Uso dei pennelli correttivi<br \/>\n&#8211; Correzione degli elementi di disturbo<br \/>\n&#8211; Uso del crop<br \/>\n&#8211; Raddrizzamento delle linee<br \/>\n&#8211; Uso della vignettatura creativa[\/vc_column_text][\/vc_column][vc_column width=&#8221;1\/2&#8243;][vc_single_image image=&#8221;2792&#8243; img_size=&#8221;600&#215;400&#8243;][\/vc_column][\/vc_row][vc_row css=&#8221;.vc_custom_1597909557956{margin-top: 20px !important;margin-bottom: 20px !important;padding-top: 5px !important;padding-bottom: 5px !important;}&#8221;][vc_column width=&#8221;1\/2&#8243;][vc_single_image image=&#8221;2796&#8243; img_size=&#8221;600&#215;350&#8243;][\/vc_column][vc_column width=&#8221;1\/2&#8243;][vc_column_text]<\/p>\n<h6><strong>Bianco e Nero<\/strong><\/h6>\n<p>Verr\u00e0 esplorata la modalit\u00e0 di passaggio in bianco e nero di una immagine a colori.<br \/>\nAttraverso la modifica di ogni singolo colore di origine \u00e8 possibile cambiare la drammaticit\u00e0 e lo stile delle immagini.<\/p>\n<h6><strong>Profili colore per la stampa:<\/strong><\/h6>\n<p>Attraverso l&#8217;uso dei profili colore \u00e8 possibile prevedere e controllare il risultato dei colori su periferiche differenti dal monitor; in particolare vedremo come si possono ottimizzare le immagini per una corretta stampa.[\/vc_column_text][\/vc_column][\/vc_row][vc_row full_width=&#8221;stretch_row&#8221; css=&#8221;.vc_custom_1597909109467{margin-top: 20px !important;margin-bottom: 20px !important;padding-top: 5px !important;padding-bottom: 5px !important;background-color: #ededed !important;}&#8221;][vc_column width=&#8221;1\/2&#8243;][vc_column_text]<\/p>\n<h6><strong>Programma:<\/strong><\/h6>\n<div align=\"left\"><span class=\"t16worksansm\">Il corso consiste in due moduli, uno di base e uno avanzato, entrambi della durata di una giornata.<\/span><\/div>\n<div align=\"left\"><\/div>\n<div align=\"left\"><span class=\"t16worksansm\">Il <strong>primo<\/strong> \u00e8 dedicato principalmente alle persone che desiderano iniziare ad usare questo tipo di strumento e a quelli che hanno solo un&#8217;infarinatura di questo argomento.<\/span><\/div>\n<div align=\"left\"><span class=\"t16worksansm\">Il <strong>secondo<\/strong> a quelli che vogliono approfondire in modo pi\u00f9 esauriente lo sviluppo delle immagini.<\/span><\/div>\n<div align=\"left\"><\/div>\n<div align=\"left\"><span class=\"t16worksansm\">Dopo un primo approccio teorico, utile a chiarire i concetti fondamentali della fotografia digitale, si passer\u00e0 subito alla parte pratica, dove i partecipanti apprenderanno l&#8217;uso del programma direttamente sul proprio computer.<br \/>\nA tal proposito \u00e8 richiesto un portatile recente, Pc o Mac, dove preventivamente i partecipanti avranno avuto cura di installare la <strong>versione di prova del software scaricabile gratuitamente dal sito\u00a0<a href=\"https:\/\/www.captureone.com\/it\" target=\"_blank\" rel=\"noopener noreferrer\">www.phaseone.com<\/a><\/strong><\/span><\/div>\n<div align=\"left\">Per eventuali ulteriori informazioni \u00e8 possibile inviare una mail a:<a href=\"mailto:info@carlodeagnoi.com\"> <strong>info@carlodeagnoi.com<\/strong><\/a>\u00a0oppure telefonare allo 340-6991775.<\/div>\n<p>[\/vc_column_text][\/vc_column][vc_column width=&#8221;1\/2&#8243;][vc_single_image image=&#8221;2798&#8243; img_size=&#8221;600&#215;400&#8243;][\/vc_column][\/vc_row][vc_row css=&#8221;.vc_custom_1597909034249{margin-top: 20px !important;padding-top: 10px !important;}&#8221;][vc_column width=&#8221;1\/6&#8243;][\/vc_column][vc_column width=&#8221;2\/3&#8243;][vc_column_text]<\/p>\n<h5><strong>Il relatore<\/strong><\/h5>\n<p>Carlo De Agnoi inizia a fotografare da giovanissimo specializzandosi nel paesaggio e nella natura in generale. Con l&#8217;andare del tempo l&#8217;indirizzo fotografico si allarga portandolo a cimentarsi anche in campi diversi da quello in cui ha sempre operato. Si dedica quindi al reportage etnico e documentaristico recandosi a visitare molti paesi tra cui gran parte dell&#8217;Europa, India, Nepal, Ladakh, Birmania, Cambogia, Vietnam, Cina, Turchia, Tchad, Niger, Algeria, Libia, Tunisia, Marocco, Egitto, Etiopia, Ciad, Kenya, Tanzania, Namibia, Uganda, Stati Uniti, Cuba, Per\u00f9, Sri Lanka.<br \/>\nHa fotografato animali straordinari, come i grandi felini nella savana africana, i gorilla di montagna nella foresta pluviale ugandese, i babbuini Gelada negli altopiani etiopi, gli uccelli nel Nord Europa, le colonie di otarie namibiane.<br \/>\nHa visitato ambienti affascinanti come il deserto del Sahara, gli altopiani peruviani e i grandi parchi americani rivolgendo per\u00f2 particolare attenzione anche agli ambienti della zona in cui vive.<br \/>\nHa pubblicato due libri fotografici, uno dedicato ai fiori delle Prealpi del Piave e delle Dolomiti Venete, e un altro dedicato alle scogliere dei mari del Nord Europa, oltre a calendari e articoli dedicati.<br \/>\nIn Italia e in Europa \u00e8 molto conosciuto come autore di multivisione. E&#8217; infatti attraverso i suoi lavori multimediali che fa conoscere al grande pubblico le sue ricerche fotografiche.<br \/>\nDa diversi anni insegna la fotografia in workshop specialistici e tiene seminari sulla tecnica e sulla creativit\u00e0 multivisiva come divulgazione fotografica. Ancor prima di passare al digitale conosce molto bene l&#8217;uso dei programmi di fotoritocco e d&#8217;impaginazione per aver informatizzato diversi laboratori grafici.[\/vc_column_text][\/vc_column][vc_column width=&#8221;1\/6&#8243;][\/vc_column][\/vc_row]<\/p>\n<\/div>","protected":false},"excerpt":{"rendered":"<p>[vc_row css=&#8221;.vc_custom_1597909034249{margin-top: 20px !important;padding-top: 10px !important;}&#8221;][vc_column width=&#8221;1\/6&#8243;][\/vc_column][vc_column width=&#8221;2\/3&#8243;][vc_column_text] Workshop sul ritocco fotografico e l&#8217;archiviazione [\/vc_column_text][vc_column_text] La scelta dello strumento giusto L&#8217;avvento della fotografia digitale ha portato un grande cambiamento nel modo di riprendere le immagini ma anche e soprattutto ha introdotto la possibilit\u00e0 di modificare le nostre riprese. Nella fase successiva allo scatto \u00e8 infatti&hellip;<\/p>\n","protected":false},"author":1,"featured_media":0,"parent":0,"menu_order":0,"comment_status":"closed","ping_status":"closed","template":"","meta":{"_acf_changed":false,"inline_featured_image":false,"footnotes":""},"class_list":["post-2773","page","type-page","status-publish","hentry"],"acf":[],"_links":{"self":[{"href":"https:\/\/carlodeagnoi.com\/index.php\/wp-json\/wp\/v2\/pages\/2773","targetHints":{"allow":["GET"]}}],"collection":[{"href":"https:\/\/carlodeagnoi.com\/index.php\/wp-json\/wp\/v2\/pages"}],"about":[{"href":"https:\/\/carlodeagnoi.com\/index.php\/wp-json\/wp\/v2\/types\/page"}],"author":[{"embeddable":true,"href":"https:\/\/carlodeagnoi.com\/index.php\/wp-json\/wp\/v2\/users\/1"}],"replies":[{"embeddable":true,"href":"https:\/\/carlodeagnoi.com\/index.php\/wp-json\/wp\/v2\/comments?post=2773"}],"version-history":[{"count":34,"href":"https:\/\/carlodeagnoi.com\/index.php\/wp-json\/wp\/v2\/pages\/2773\/revisions"}],"predecessor-version":[{"id":3609,"href":"https:\/\/carlodeagnoi.com\/index.php\/wp-json\/wp\/v2\/pages\/2773\/revisions\/3609"}],"wp:attachment":[{"href":"https:\/\/carlodeagnoi.com\/index.php\/wp-json\/wp\/v2\/media?parent=2773"}],"curies":[{"name":"wp","href":"https:\/\/api.w.org\/{rel}","templated":true}]}}

<div class="wpb-content-wrapper"><p>[vc_row css=&#8221;.vc_custom_1597909034249{margin-top: 20px !important;padding-top: 10px !important;}&#8221;][vc_column width=&#8221;1/6&#8243;][/vc_column][vc_column width=&#8221;2/3&#8243;][vc_column_text]</p>
<h2 style="text-align: center;">Workshop sul ritocco fotografico e l&#8217;archiviazione</h2>
<p>[/vc_column_text][vc_column_text]</p>
<h6><strong>La scelta dello strumento giusto</strong></h6>
<p>L&#8217;avvento della fotografia digitale ha portato un grande cambiamento nel modo di riprendere le immagini ma anche e soprattutto ha introdotto la possibilità di modificare le nostre riprese.<br />
Nella fase successiva allo scatto è infatti possibile non solo migliorare la qualità cromatica e compositiva di una fotografia ma anche recuperarne i più minuti dettagli.<br />
L&#8217;estrema facilità nella ripresa e il basso costo porta normalmente a realizzare una grande quantità di immagini. Ecco quindi la necessità di utilizzare uno strumento efficace che consenta una rapida archiviazione ma al tempo stesso la pratica e veloce possibilità di ricercare, modificare e preparare le nostre immagini per l&#8217;utilizzo finale, sia esso stampa o presentazione.[/vc_column_text][/vc_column][vc_column width=&#8221;1/6&#8243;][/vc_column][/vc_row][vc_row css=&#8221;.vc_custom_1598441427371{margin-top: px !important;padding-top: px !important;}&#8221;][vc_column width=&#8221;1/6&#8243;][/vc_column][vc_column width=&#8221;2/3&#8243;][vc_column_text]</p>
<h6><strong>Archiviazione delle immagini</strong></h6>
<p>Verranno analizzati i metodi per scaricare la macchina fotografica in modo veloce e ordinato.<br />
Gestire le immagini facendo una giusta suddivisione e mettendole nel giusto ordine.<br />
Apprendere la maniera più veloce per ricercare una o più immagini.<br />
Gestire in modo appropriato e sicuro i backup delle nostre immagini al fine di evitarne la perdita accidentale.[/vc_column_text][/vc_column][vc_column width=&#8221;1/6&#8243;][/vc_column][/vc_row][vc_row css=&#8221;.vc_custom_1598441439001{padding-top: px !important;}&#8221;][vc_column width=&#8221;1/6&#8243;][/vc_column][vc_column width=&#8221;2/3&#8243;][vc_column_text]</p>
<h6><strong>Analisi dell&#8217;immagine</strong></h6>
<p>Attraverso l&#8217;osservazione delle fotografie selezionate evidenzieremo le modifiche necessarie al loro miglioramento.<br />
Il programma usato per gestire la catalogazione e il flusso fotografico sarà CAPTURE ONE di PHASEONE, il software che a detta di tutti i professionisti del settore ha il miglior convertitore Raw del mercato.<br />
Questo programma può essere installato sia su Mac che su Windows e gestisce le più diffuse fotocamere digitali (Canon, Nikon, Sony, etc.).<br />
È possibile scaricare gratuitamente la versione completa per un periodo 30 giorni.<br />
Con questo strumento realizzeremo la maggior parte dei ritocchi indispensabili a rendere corrette ed efficaci le nostre immagini, ma al di là dell&#8217;uso del software sarà data particolare enfasi alla filosofia operativa.<br />
La mia lunga esperienza vi consentirà di ottimizzare al massimo il flusso evitando operazioni inutili e risparmiando tempo prezioso.[/vc_column_text][/vc_column][vc_column width=&#8221;1/6&#8243;][/vc_column][/vc_row][vc_row full_width=&#8221;stretch_row&#8221; css=&#8221;.vc_custom_1597909109467{margin-top: 20px !important;margin-bottom: 20px !important;padding-top: 5px !important;padding-bottom: 5px !important;background-color: #ededed !important;}&#8221;][vc_column width=&#8221;1/2&#8243;][vc_column_text]</p>
<h6><strong>Gli interventi analizzati coinvolgeranno i seguenti strumenti:</strong></h6>
<p>&#8211; Comparazione e selezione<br />
&#8211; Analisi delle immagini a disposizione<br />
&#8211; Analisi e modifica dei livelli tonali<br />
&#8211; Aumento del contrasto senza perdita di dati<br />
&#8211; Recupero delle ombre e delle alte luci<br />
&#8211; Correzione dei colori<br />
&#8211; Aumento della definizione<br />
&#8211; Uso dei pennelli correttivi<br />
&#8211; Correzione degli elementi di disturbo<br />
&#8211; Uso del crop<br />
&#8211; Raddrizzamento delle linee<br />
&#8211; Uso della vignettatura creativa[/vc_column_text][/vc_column][vc_column width=&#8221;1/2&#8243;][vc_single_image image=&#8221;2792&#8243; img_size=&#8221;600&#215;400&#8243;][/vc_column][/vc_row][vc_row css=&#8221;.vc_custom_1597909557956{margin-top: 20px !important;margin-bottom: 20px !important;padding-top: 5px !important;padding-bottom: 5px !important;}&#8221;][vc_column width=&#8221;1/2&#8243;][vc_single_image image=&#8221;2796&#8243; img_size=&#8221;600&#215;350&#8243;][/vc_column][vc_column width=&#8221;1/2&#8243;][vc_column_text]</p>
<h6><strong>Bianco e Nero</strong></h6>
<p>Verrà esplorata la modalità di passaggio in bianco e nero di una immagine a colori.<br />
Attraverso la modifica di ogni singolo colore di origine è possibile cambiare la drammaticità e lo stile delle immagini.</p>
<h6><strong>Profili colore per la stampa:</strong></h6>
<p>Attraverso l&#8217;uso dei profili colore è possibile prevedere e controllare il risultato dei colori su periferiche differenti dal monitor; in particolare vedremo come si possono ottimizzare le immagini per una corretta stampa.[/vc_column_text][/vc_column][/vc_row][vc_row full_width=&#8221;stretch_row&#8221; css=&#8221;.vc_custom_1597909109467{margin-top: 20px !important;margin-bottom: 20px !important;padding-top: 5px !important;padding-bottom: 5px !important;background-color: #ededed !important;}&#8221;][vc_column width=&#8221;1/2&#8243;][vc_column_text]</p>
<h6><strong>Programma:</strong></h6>
<div align="left"><span class="t16worksansm">Il corso consiste in due moduli, uno di base e uno avanzato, entrambi della durata di una giornata.</span></div>
<div align="left"></div>
<div align="left"><span class="t16worksansm">Il <strong>primo</strong> è dedicato principalmente alle persone che desiderano iniziare ad usare questo tipo di strumento e a quelli che hanno solo un&#8217;infarinatura di questo argomento.</span></div>
<div align="left"><span class="t16worksansm">Il <strong>secondo</strong> a quelli che vogliono approfondire in modo più esauriente lo sviluppo delle immagini.</span></div>
<div align="left"></div>
<div align="left"><span class="t16worksansm">Dopo un primo approccio teorico, utile a chiarire i concetti fondamentali della fotografia digitale, si passerà subito alla parte pratica, dove i partecipanti apprenderanno l&#8217;uso del programma direttamente sul proprio computer.<br />
A tal proposito è richiesto un portatile recente, Pc o Mac, dove preventivamente i partecipanti avranno avuto cura di installare la <strong>versione di prova del software scaricabile gratuitamente dal sito <a href="https://www.captureone.com/it" target="_blank" rel="noopener noreferrer">www.phaseone.com</a></strong></span></div>
<div align="left">Per eventuali ulteriori informazioni è possibile inviare una mail a:<a href="mailto:info@carlodeagnoi.com"> <strong>info@carlodeagnoi.com</strong></a> oppure telefonare allo 340-6991775.</div>
<p>[/vc_column_text][/vc_column][vc_column width=&#8221;1/2&#8243;][vc_single_image image=&#8221;2798&#8243; img_size=&#8221;600&#215;400&#8243;][/vc_column][/vc_row][vc_row css=&#8221;.vc_custom_1597909034249{margin-top: 20px !important;padding-top: 10px !important;}&#8221;][vc_column width=&#8221;1/6&#8243;][/vc_column][vc_column width=&#8221;2/3&#8243;][vc_column_text]</p>
<h5><strong>Il relatore</strong></h5>
<p>Carlo De Agnoi inizia a fotografare da giovanissimo specializzandosi nel paesaggio e nella natura in generale. Con l&#8217;andare del tempo l&#8217;indirizzo fotografico si allarga portandolo a cimentarsi anche in campi diversi da quello in cui ha sempre operato. Si dedica quindi al reportage etnico e documentaristico recandosi a visitare molti paesi tra cui gran parte dell&#8217;Europa, India, Nepal, Ladakh, Birmania, Cambogia, Vietnam, Cina, Turchia, Tchad, Niger, Algeria, Libia, Tunisia, Marocco, Egitto, Etiopia, Ciad, Kenya, Tanzania, Namibia, Uganda, Stati Uniti, Cuba, Perù, Sri Lanka.<br />
Ha fotografato animali straordinari, come i grandi felini nella savana africana, i gorilla di montagna nella foresta pluviale ugandese, i babbuini Gelada negli altopiani etiopi, gli uccelli nel Nord Europa, le colonie di otarie namibiane.<br />
Ha visitato ambienti affascinanti come il deserto del Sahara, gli altopiani peruviani e i grandi parchi americani rivolgendo però particolare attenzione anche agli ambienti della zona in cui vive.<br />
Ha pubblicato due libri fotografici, uno dedicato ai fiori delle Prealpi del Piave e delle Dolomiti Venete, e un altro dedicato alle scogliere dei mari del Nord Europa, oltre a calendari e articoli dedicati.<br />
In Italia e in Europa è molto conosciuto come autore di multivisione. E&#8217; infatti attraverso i suoi lavori multimediali che fa conoscere al grande pubblico le sue ricerche fotografiche.<br />
Da diversi anni insegna la fotografia in workshop specialistici e tiene seminari sulla tecnica e sulla creatività multivisiva come divulgazione fotografica. Ancor prima di passare al digitale conosce molto bene l&#8217;uso dei programmi di fotoritocco e d&#8217;impaginazione per aver informatizzato diversi laboratori grafici.[/vc_column_text][/vc_column][vc_column width=&#8221;1/6&#8243;][/vc_column][/vc_row]</p>
</div>

<p>[vc_row css=&#8221;.vc_custom_1597909034249{margin-top: 20px !important;padding-top: 10px !important;}&#8221;][vc_column width=&#8221;1/6&#8243;][/vc_column][vc_column width=&#8221;2/3&#8243;][vc_column_text] Workshop sul ritocco fotografico e l&#8217;archiviazione [/vc_column_text][vc_column_text] La scelta dello strumento giusto L&#8217;avvento della fotografia digitale ha portato un grande cambiamento nel modo di riprendere le immagini ma anche e soprattutto ha introdotto la possibilità di modificare le nostre riprese. Nella fase successiva allo scatto è infatti&hellip;</p>
